{"id":9,"date":"2022-12-14T11:14:56","date_gmt":"2022-12-14T14:14:56","guid":{"rendered":"http:\/\/sinsep.online\/?page_id=9"},"modified":"2022-12-16T10:57:51","modified_gmt":"2022-12-16T13:57:51","slug":"home","status":"publish","type":"page","link":"https:\/\/sinsep.online\/","title":{"rendered":"Home"},"content":{"rendered":"\t\t<div data-elementor-type=\"wp-page\" data-elementor-id=\"9\" class=\"elementor elementor-9\" data-elementor-post-type=\"page\">\n\t\t\t\t\t\t<section class=\"elementor-section elementor-top-section elementor-element elementor-element-aad3a6d elementor-section-boxed elementor-section-height-default elementor-section-height-default\" data-id=\"aad3a6d\" data-element_type=\"section\">\n\t\t\t\t\t\t<div class=\"elementor-container elementor-column-gap-default\">\n\t\t\t\t\t<div class=\"elementor-column elementor-col-100 elementor-top-column elementor-element elementor-element-d6a650f\" data-id=\"d6a650f\" data-element_type=\"column\">\n\t\t\t<div class=\"elementor-widget-wrap elementor-element-populated\">\n\t\t\t\t\t\t<div class=\"elementor-element elementor-element-371eb8b elementor-widget__width-inherit elementor-widget elementor-widget-image\" data-id=\"371eb8b\" data-element_type=\"widget\" data-widget_type=\"image.default\">\n\t\t\t\t<div class=\"elementor-widget-container\">\n\t\t\t\t\t\t\t\t\t\t\t\t\t\t\t<img decoding=\"async\" src=\"https:\/\/sinsep.online\/wp-content\/uploads\/2022\/12\/capa2.jpg\" title=\"spot light on concrete wall\" alt=\"spot light on concrete wall\" loading=\"lazy\" \/>\t\t\t\t\t\t\t\t\t\t\t\t\t\t\t<\/div>\n\t\t\t\t<\/div>\n\t\t\t\t\t<\/div>\n\t\t<\/div>\n\t\t\t\t\t<\/div>\n\t\t<\/section>\n\t\t\t\t<section class=\"elementor-section elementor-top-section elementor-element elementor-element-bf70df3 elementor-section-boxed elementor-section-height-default elementor-section-height-default\" data-id=\"bf70df3\" data-element_type=\"section\">\n\t\t\t\t\t\t<div class=\"elementor-container elementor-column-gap-default\">\n\t\t\t\t\t<div class=\"elementor-column elementor-col-100 elementor-top-column elementor-element elementor-element-48372ae\" data-id=\"48372ae\" data-element_type=\"column\">\n\t\t\t<div class=\"elementor-widget-wrap elementor-element-populated\">\n\t\t\t\t\t\t<div class=\"elementor-element elementor-element-22a0f59 elementor-widget elementor-widget-heading\" data-id=\"22a0f59\" data-element_type=\"widget\" data-widget_type=\"heading.default\">\n\t\t\t\t<div class=\"elementor-widget-container\">\n\t\t\t\t\t<h1 class=\"elementor-heading-title elementor-size-default\">Uma hist\u00f3ria de lutas<\/h1>\t\t\t\t<\/div>\n\t\t\t\t<\/div>\n\t\t\t\t<section class=\"elementor-section elementor-inner-section elementor-element elementor-element-c842653 elementor-section-boxed elementor-section-height-default elementor-section-height-default\" data-id=\"c842653\" data-element_type=\"section\">\n\t\t\t\t\t\t<div class=\"elementor-container elementor-column-gap-default\">\n\t\t\t\t\t<div class=\"elementor-column elementor-col-50 elementor-inner-column elementor-element elementor-element-d5f5311\" data-id=\"d5f5311\" data-element_type=\"column\">\n\t\t\t<div class=\"elementor-widget-wrap elementor-element-populated\">\n\t\t\t\t\t\t<div class=\"elementor-element elementor-element-a1965ca elementor-widget elementor-widget-image\" data-id=\"a1965ca\" data-element_type=\"widget\" data-widget_type=\"image.default\">\n\t\t\t\t<div class=\"elementor-widget-container\">\n\t\t\t\t\t\t\t\t\t\t\t\t\t\t\t<img fetchpriority=\"high\" decoding=\"async\" width=\"567\" height=\"467\" src=\"https:\/\/sinsep.online\/wp-content\/uploads\/2022\/12\/CCI01112022_00006.jpg\" class=\"attachment-large size-large wp-image-58\" alt=\"\" srcset=\"https:\/\/sinsep.online\/wp-content\/uploads\/2022\/12\/CCI01112022_00006.jpg 567w, https:\/\/sinsep.online\/wp-content\/uploads\/2022\/12\/CCI01112022_00006-300x247.jpg 300w\" sizes=\"(max-width: 567px) 100vw, 567px\" \/>\t\t\t\t\t\t\t\t\t\t\t\t\t\t\t<\/div>\n\t\t\t\t<\/div>\n\t\t\t\t\t<\/div>\n\t\t<\/div>\n\t\t\t\t<div class=\"elementor-column elementor-col-50 elementor-inner-column elementor-element elementor-element-1f57114\" data-id=\"1f57114\" data-element_type=\"column\">\n\t\t\t<div class=\"elementor-widget-wrap elementor-element-populated\">\n\t\t\t\t\t\t<div class=\"elementor-element elementor-element-a3e795f elementor-widget elementor-widget-text-editor\" data-id=\"a3e795f\" data-element_type=\"widget\" data-widget_type=\"text-editor.default\">\n\t\t\t\t<div class=\"elementor-widget-container\">\n\t\t\t\t\t\t\t\t\t<p>Um grupo de funcion\u00e1rios p\u00fablicos municipais, no dia 04 de outubro de 1.985, reunidos em uma pequena sala na Rua Paissand\u00fa, no centro de Mogi Mirim, decidiu criar uma associa\u00e7\u00e3o que apoiasse o servidor p\u00fablico, nascia a ASSOSEMM \u2013 Associa\u00e7\u00e3o dos Servidores P\u00fablicos Municipais de Mogi Mirim.<br \/>Nesta mesma data, foi institu\u00edda uma diretoria provis\u00f3ria, visando organizar, registrar e documentar a Associa\u00e7\u00e3o, bem como elaborar seu Estatuto. Neste primeiro momento, a Sra. L\u00facia Helena Salvato, assumiu como presidente e Vilma da Silva Costa como vice-presidente.<br \/>Por meio de um documento oficial, o ent\u00e3o prefeito, Sr. Luiz de Amo\u00eado Campos Neto, foi informado sobre a funda\u00e7\u00e3o da entidade com a finalidade de defender os interesses da categoria e reivindicar melhorias para o funcionalismo municipal.O pr\u00f3ximo passo seria concretizar a sede pr\u00f3pria em um terreno doado pelo munic\u00edpio durante a gest\u00e3o do prefeito Romeu Bordignon, a constru\u00e7\u00e3o da nova sede somente se tornou poss\u00edvel com o apoio dos associados e parceiros que ofereciam descontos significativos em materiais para a constru\u00e7\u00e3o e m\u00e3o de obra.<\/p>\t\t\t\t\t\t\t\t<\/div>\n\t\t\t\t<\/div>\n\t\t\t\t\t<\/div>\n\t\t<\/div>\n\t\t\t\t\t<\/div>\n\t\t<\/section>\n\t\t\t\t\t<\/div>\n\t\t<\/div>\n\t\t\t\t\t<\/div>\n\t\t<\/section>\n\t\t\t\t<section class=\"elementor-section elementor-top-section elementor-element elementor-element-f0680ed elementor-section-boxed elementor-section-height-default elementor-section-height-default\" data-id=\"f0680ed\" data-element_type=\"section\">\n\t\t\t\t\t\t<div class=\"elementor-container elementor-column-gap-default\">\n\t\t\t\t\t<div class=\"elementor-column elementor-col-100 elementor-top-column elementor-element elementor-element-c957bc2\" data-id=\"c957bc2\" data-element_type=\"column\">\n\t\t\t<div class=\"elementor-widget-wrap elementor-element-populated\">\n\t\t\t\t\t\t<section class=\"elementor-section elementor-inner-section elementor-element elementor-element-190520d elementor-section-boxed elementor-section-height-default elementor-section-height-default\" data-id=\"190520d\" data-element_type=\"section\">\n\t\t\t\t\t\t<div class=\"elementor-container elementor-column-gap-default\">\n\t\t\t\t\t<div class=\"elementor-column elementor-col-33 elementor-inner-column elementor-element elementor-element-f4b6d7e\" data-id=\"f4b6d7e\" data-element_type=\"column\">\n\t\t\t<div class=\"elementor-widget-wrap elementor-element-populated\">\n\t\t\t\t\t\t<div class=\"elementor-element elementor-element-f2284a2 elementor-widget elementor-widget-image\" data-id=\"f2284a2\" data-element_type=\"widget\" data-widget_type=\"image.default\">\n\t\t\t\t<div class=\"elementor-widget-container\">\n\t\t\t\t\t\t\t\t\t\t\t\t\t\t\t<img decoding=\"async\" width=\"588\" height=\"389\" src=\"https:\/\/sinsep.online\/wp-content\/uploads\/2022\/12\/20.jpg\" class=\"attachment-large size-large wp-image-59\" alt=\"\" srcset=\"https:\/\/sinsep.online\/wp-content\/uploads\/2022\/12\/20.jpg 588w, https:\/\/sinsep.online\/wp-content\/uploads\/2022\/12\/20-300x198.jpg 300w\" sizes=\"(max-width: 588px) 100vw, 588px\" \/>\t\t\t\t\t\t\t\t\t\t\t\t\t\t\t<\/div>\n\t\t\t\t<\/div>\n\t\t\t\t\t<\/div>\n\t\t<\/div>\n\t\t\t\t<div class=\"elementor-column elementor-col-33 elementor-inner-column elementor-element elementor-element-8ad897b\" data-id=\"8ad897b\" data-element_type=\"column\">\n\t\t\t<div class=\"elementor-widget-wrap elementor-element-populated\">\n\t\t\t\t\t\t<div class=\"elementor-element elementor-element-165b7b4 elementor-widget elementor-widget-text-editor\" data-id=\"165b7b4\" data-element_type=\"widget\" data-widget_type=\"text-editor.default\">\n\t\t\t\t<div class=\"elementor-widget-container\">\n\t\t\t\t\t\t\t\t\t<p>As obras se iniciaram em janeiro de 1.991, sob o comando do presidente Francisco (Kiko) Antonio Coser, que em apenas 10 meses entregou a sede, devidamente inaugurada no dia 26 de outubro de 1.991, contando com a presen\u00e7a do prefeito Romeu Bordignon e do presidente da C\u00e2mara Municipal, Jamil Bacar.<\/p>\t\t\t\t\t\t\t\t<\/div>\n\t\t\t\t<\/div>\n\t\t\t\t\t<\/div>\n\t\t<\/div>\n\t\t\t\t<div class=\"elementor-column elementor-col-33 elementor-inner-column elementor-element elementor-element-60cffab\" data-id=\"60cffab\" data-element_type=\"column\">\n\t\t\t<div class=\"elementor-widget-wrap elementor-element-populated\">\n\t\t\t\t\t\t<div class=\"elementor-element elementor-element-eb1b897 elementor-widget elementor-widget-image\" data-id=\"eb1b897\" data-element_type=\"widget\" data-widget_type=\"image.default\">\n\t\t\t\t<div class=\"elementor-widget-container\">\n\t\t\t\t\t\t\t\t\t\t\t\t\t\t\t<img decoding=\"async\" width=\"504\" height=\"328\" src=\"https:\/\/sinsep.online\/wp-content\/uploads\/2022\/12\/26.jpg\" class=\"attachment-large size-large wp-image-60\" alt=\"\" srcset=\"https:\/\/sinsep.online\/wp-content\/uploads\/2022\/12\/26.jpg 504w, https:\/\/sinsep.online\/wp-content\/uploads\/2022\/12\/26-300x195.jpg 300w\" sizes=\"(max-width: 504px) 100vw, 504px\" \/>\t\t\t\t\t\t\t\t\t\t\t\t\t\t\t<\/div>\n\t\t\t\t<\/div>\n\t\t\t\t\t<\/div>\n\t\t<\/div>\n\t\t\t\t\t<\/div>\n\t\t<\/section>\n\t\t\t\t\t<\/div>\n\t\t<\/div>\n\t\t\t\t\t<\/div>\n\t\t<\/section>\n\t\t\t\t<section class=\"elementor-section elementor-top-section elementor-element elementor-element-2508597 elementor-section-boxed elementor-section-height-default elementor-section-height-default\" data-id=\"2508597\" data-element_type=\"section\">\n\t\t\t\t\t\t<div class=\"elementor-container elementor-column-gap-default\">\n\t\t\t\t\t<div class=\"elementor-column elementor-col-100 elementor-top-column elementor-element elementor-element-3d2a2c4\" data-id=\"3d2a2c4\" data-element_type=\"column\">\n\t\t\t<div class=\"elementor-widget-wrap elementor-element-populated\">\n\t\t\t\t\t\t<section class=\"elementor-section elementor-inner-section elementor-element elementor-element-dcd0070 elementor-section-boxed elementor-section-height-default elementor-section-height-default\" data-id=\"dcd0070\" data-element_type=\"section\">\n\t\t\t\t\t\t<div class=\"elementor-container elementor-column-gap-default\">\n\t\t\t\t\t<div class=\"elementor-column elementor-col-50 elementor-inner-column elementor-element elementor-element-02f9cf0\" data-id=\"02f9cf0\" data-element_type=\"column\">\n\t\t\t<div class=\"elementor-widget-wrap elementor-element-populated\">\n\t\t\t\t\t\t<div class=\"elementor-element elementor-element-1706701 elementor-widget elementor-widget-text-editor\" data-id=\"1706701\" data-element_type=\"widget\" data-widget_type=\"text-editor.default\">\n\t\t\t\t<div class=\"elementor-widget-container\">\n\t\t\t\t\t\t\t\t\t<p>Mas a Constitui\u00e7\u00e3o de 1.988 havia mudado os rumos do Brasil, e o funcionalismo entrava em uma nova fase, diante deste cen\u00e1rio a ASSOSEMM precisava mudar, a associa\u00e7\u00e3o tinha representatividade e poder limitados por lei, e para garantir tudo que o funcionalismo necessitava seria necess\u00e1rio criar um sindicato, o que ocorreu no dia 25 de novembro de 1.992, a associa\u00e7\u00e3o transformou-se em Sindicato dos Servidores P\u00fablicos Municipais de Mogi Mirim &#8211; SINSEP, com o objetivo de se adequar a nova legisla\u00e7\u00e3o e representar judicialmente a categoria.<br \/>Uma nova fase iniciava, e a decis\u00e3o da mudan\u00e7a se mostrou comprovadamente acertada. Ao longo destes anos v\u00e1rias foram as ocasi\u00f5es que os servidores poderiam ser prejudicados e a movimenta\u00e7\u00e3o jur\u00eddica do SINSEP sanou as situa\u00e7\u00f5es.<\/p><p>Talvez o caso que simbolize mais claramente esta atua\u00e7\u00e3o do SINSEP ocorreu em 2.009, quando o TRT \u2013 Tribunal Regional do Trabalho, entendeu que os servidores n\u00e3o concursados deveriam ser demitidos, inclusive os contratados antes de 1.988, ano em que foi institu\u00eddo a necessidade de concurso para o ingresso no servi\u00e7o p\u00fablico, a prefeitura acatou a orienta\u00e7\u00e3o do TRT sem tentar defender esses servidores.<br \/>Ironicamente, a Constitui\u00e7\u00e3o de 88, que foi o agente criador do SINSEP ao estabelecer regras e estabilidade ao servi\u00e7o p\u00fablico, quase causou a demiss\u00e3o em massa de mais de 200 servidores contratados entre os anos de 1.983 e 1.988.<br \/>O SINSEP entrou com representa\u00e7\u00e3o contra a prefeitura e a decis\u00e3o do TRT e conseguiu garantir o emprego desses servidores, muitos com mais de 20 anos de servi\u00e7os prestados ao munic\u00edpio.<\/p>\t\t\t\t\t\t\t\t<\/div>\n\t\t\t\t<\/div>\n\t\t\t\t\t<\/div>\n\t\t<\/div>\n\t\t\t\t<div class=\"elementor-column elementor-col-50 elementor-inner-column elementor-element elementor-element-2767fcd\" data-id=\"2767fcd\" data-element_type=\"column\">\n\t\t\t<div class=\"elementor-widget-wrap elementor-element-populated\">\n\t\t\t\t\t\t<div class=\"elementor-element elementor-element-d9a97b4 elementor-widget__width-auto elementor-absolute elementor-widget elementor-widget-image\" data-id=\"d9a97b4\" data-element_type=\"widget\" data-settings=\"{&quot;_position&quot;:&quot;absolute&quot;}\" data-widget_type=\"image.default\">\n\t\t\t\t<div class=\"elementor-widget-container\">\n\t\t\t\t\t\t\t\t\t\t\t\t\t\t\t<img loading=\"lazy\" decoding=\"async\" width=\"378\" height=\"517\" src=\"https:\/\/sinsep.online\/wp-content\/uploads\/2022\/12\/DSC_4368-copiar.jpg\" class=\"attachment-large size-large wp-image-61\" alt=\"\" srcset=\"https:\/\/sinsep.online\/wp-content\/uploads\/2022\/12\/DSC_4368-copiar.jpg 378w, https:\/\/sinsep.online\/wp-content\/uploads\/2022\/12\/DSC_4368-copiar-219x300.jpg 219w\" sizes=\"(max-width: 378px) 100vw, 378px\" \/>\t\t\t\t\t\t\t\t\t\t\t\t\t\t\t<\/div>\n\t\t\t\t<\/div>\n\t\t\t\t\t<\/div>\n\t\t<\/div>\n\t\t\t\t\t<\/div>\n\t\t<\/section>\n\t\t\t\t\t<\/div>\n\t\t<\/div>\n\t\t\t\t\t<\/div>\n\t\t<\/section>\n\t\t\t\t<\/div>\n\t\t","protected":false},"excerpt":{"rendered":"<p>Uma hist\u00f3ria de lutas Um grupo de funcion\u00e1rios p\u00fablicos municipais, no dia 04 de outubro de 1.985, reunidos em uma pequena sala na Rua Paissand\u00fa, no centro de Mogi Mirim, decidiu criar uma associa\u00e7\u00e3o que apoiasse o servidor p\u00fablico, nascia a ASSOSEMM \u2013 Associa\u00e7\u00e3o dos Servidores P\u00fablicos Municipais de Mogi Mirim.Nesta mesma data, foi institu\u00edda [&hellip;]<\/p>\n","protected":false},"author":1,"featured_media":0,"parent":0,"menu_order":0,"comment_status":"closed","ping_status":"closed","template":"","meta":{"footnotes":""},"class_list":["post-9","page","type-page","status-publish","hentry"],"_links":{"self":[{"href":"https:\/\/sinsep.online\/index.php?rest_route=\/wp\/v2\/pages\/9","targetHints":{"allow":["GET"]}}],"collection":[{"href":"https:\/\/sinsep.online\/index.php?rest_route=\/wp\/v2\/pages"}],"about":[{"href":"https:\/\/sinsep.online\/index.php?rest_route=\/wp\/v2\/types\/page"}],"author":[{"embeddable":true,"href":"https:\/\/sinsep.online\/index.php?rest_route=\/wp\/v2\/users\/1"}],"replies":[{"embeddable":true,"href":"https:\/\/sinsep.online\/index.php?rest_route=%2Fwp%2Fv2%2Fcomments&post=9"}],"version-history":[{"count":7,"href":"https:\/\/sinsep.online\/index.php?rest_route=\/wp\/v2\/pages\/9\/revisions"}],"predecessor-version":[{"id":64,"href":"https:\/\/sinsep.online\/index.php?rest_route=\/wp\/v2\/pages\/9\/revisions\/64"}],"wp:attachment":[{"href":"https:\/\/sinsep.online\/index.php?rest_route=%2Fwp%2Fv2%2Fmedia&parent=9"}],"curies":[{"name":"wp","href":"https:\/\/api.w.org\/{rel}","templated":true}]}}