{"id":163,"date":"2025-08-24T10:54:57","date_gmt":"2025-08-24T13:54:57","guid":{"rendered":"https:\/\/sinsep.online\/?page_id=163"},"modified":"2025-08-25T12:23:15","modified_gmt":"2025-08-25T15:23:15","slug":"elementor-enquetecor","status":"publish","type":"page","link":"https:\/\/sinsep.online\/?page_id=163","title":{"rendered":"Elementor EnqueteCor"},"content":{"rendered":"\t\t<div data-elementor-type=\"wp-page\" data-elementor-id=\"163\" class=\"elementor elementor-163\" data-elementor-post-type=\"page\">\n\t\t\t\t\t\t<section class=\"elementor-section elementor-top-section elementor-element elementor-element-ef71df3 elementor-section-boxed elementor-section-height-default elementor-section-height-default\" data-id=\"ef71df3\" data-element_type=\"section\">\n\t\t\t\t\t\t<div class=\"elementor-container elementor-column-gap-default\">\n\t\t\t\t\t<div class=\"elementor-column elementor-col-100 elementor-top-column elementor-element elementor-element-6ade523\" data-id=\"6ade523\" data-element_type=\"column\">\n\t\t\t<div class=\"elementor-widget-wrap elementor-element-populated\">\n\t\t\t\t\t\t<div class=\"elementor-element elementor-element-b21a136 elementor-widget elementor-widget-heading\" data-id=\"b21a136\" data-element_type=\"widget\" data-widget_type=\"heading.default\">\n\t\t\t\t<div class=\"elementor-widget-container\">\n\t\t\t\t\t<h2 class=\"elementor-heading-title elementor-size-default\">Qual a cor da moto que voc\u00ea quer ganhar?<\/h2>\t\t\t\t<\/div>\n\t\t\t\t<\/div>\n\t\t\t\t\t<\/div>\n\t\t<\/div>\n\t\t\t\t\t<\/div>\n\t\t<\/section>\n\t\t\t\t<section class=\"elementor-section elementor-top-section elementor-element elementor-element-a38b0b9 elementor-section-boxed elementor-section-height-default elementor-section-height-default\" data-id=\"a38b0b9\" data-element_type=\"section\">\n\t\t\t\t\t\t<div class=\"elementor-container elementor-column-gap-default\">\n\t\t\t\t\t<div class=\"elementor-column elementor-col-50 elementor-top-column elementor-element elementor-element-3fd04fa\" data-id=\"3fd04fa\" data-element_type=\"column\">\n\t\t\t<div class=\"elementor-widget-wrap elementor-element-populated\">\n\t\t\t\t\t\t<div class=\"elementor-element elementor-element-eeb4c28 elementor-widget elementor-widget-text-editor\" data-id=\"eeb4c28\" data-element_type=\"widget\" data-widget_type=\"text-editor.default\">\n\t\t\t\t<div class=\"elementor-widget-container\">\n\t\t\t\t\t\t\t\t\t<p>A premia\u00e7\u00e3o da Festa do Servidor deste ano ser\u00e1 mais interativa, nossos associados v\u00e3o poder votar na cor da moto, uma Honda Elite 125 cc 0 km, que ser\u00e1 sorteada na festa. Vota\u00e7\u00e3o at\u00e9 o dia 07 de setembro.<\/p>\t\t\t\t\t\t\t\t<\/div>\n\t\t\t\t<\/div>\n\t\t\t\t\t<\/div>\n\t\t<\/div>\n\t\t\t\t<div class=\"elementor-column elementor-col-50 elementor-top-column elementor-element elementor-element-d81c220\" data-id=\"d81c220\" data-element_type=\"column\">\n\t\t\t<div class=\"elementor-widget-wrap elementor-element-populated\">\n\t\t\t\t\t\t<div class=\"elementor-element elementor-element-3d1578d elementor-widget elementor-widget-text-editor\" data-id=\"3d1578d\" data-element_type=\"widget\" data-widget_type=\"text-editor.default\">\n\t\t\t\t<div class=\"elementor-widget-container\">\n\t\t\t\t\t\t\t\t\t<p>Mas aten\u00e7\u00e3o, somente um voto por associado e, como sempre, a maioria \u00e9 que ir\u00e1 definir a cor. O resultado da vota\u00e7\u00e3o ser\u00e1 divulgado nos canais de comunica\u00e7\u00e3o do <b>SINSEP<\/b>.<\/p>\t\t\t\t\t\t\t\t<\/div>\n\t\t\t\t<\/div>\n\t\t\t\t\t<\/div>\n\t\t<\/div>\n\t\t\t\t\t<\/div>\n\t\t<\/section>\n\t\t\t\t<section class=\"elementor-section elementor-top-section elementor-element elementor-element-1fe86a1 elementor-section-boxed elementor-section-height-default elementor-section-height-default\" data-id=\"1fe86a1\" data-element_type=\"section\">\n\t\t\t\t\t\t<div class=\"elementor-container elementor-column-gap-default\">\n\t\t\t\t\t<div class=\"elementor-column elementor-col-100 elementor-top-column elementor-element elementor-element-0b99a73\" data-id=\"0b99a73\" data-element_type=\"column\">\n\t\t\t<div class=\"elementor-widget-wrap elementor-element-populated\">\n\t\t\t\t\t\t<div class=\"elementor-element elementor-element-53f01d4 elementor-widget elementor-widget-html\" data-id=\"53f01d4\" data-element_type=\"widget\" data-widget_type=\"html.default\">\n\t\t\t\t<div class=\"elementor-widget-container\">\n\t\t\t\t\t<script>\njQuery(document).ready(function(){\n    \n    var cpf_field = '#form-field-cpf';\n    \n    jQuery(cpf_field).blur(function(){\n        var cpf = jQuery(cpf_field).val();\n        if(cpf.length == 11){\n            var v = [];\n            \/\/Calcula o primeiro d\u00edgito de verifica\u00e7\u00e3o.\n            v[0] = 1 * cpf[0] + 2 * cpf[1] + 3 * cpf[2];\n            v[0] += 4 * cpf[3] + 5 * cpf[4] + 6 * cpf[5];\n            v[0] += 7 * cpf[6] + 8 * cpf[7] + 9 * cpf[8];\n            v[0] = v[0] % 11;\n            v[0] = v[0] % 10;\n            \/\/Calcula o segundo d\u00edgito de verifica\u00e7\u00e3o.\n            v[1] = 1 * cpf[1] + 2 * cpf[2] + 3 * cpf[3];\n            v[1] += 4 * cpf[4] + 5 * cpf[5] + 6 * cpf[6];\n            v[1] += 7 * cpf[7] + 8 * cpf[8] + 9 * v[0];\n            v[1] = v[1] % 11;\n            v[1] = v[1] % 10;\n            \/\/Retorna Verdadeiro se os d\u00edgitos de verifica\u00e7\u00e3o s\u00e3o os esperados.\n            if ((v[0] != cpf[9]) || (v[1] != cpf[10])){\n                jQuery(cpf_field).css(\"border\",\"2px solid red\");\n                jQuery(cpf_field).val(\"\");\n                jQuery(cpf_field).focus();\n            }else{\n                jQuery(cpf_field).css(\"border\",\"2px solid green\");\n            }\n        }else{\n            jQuery(cpf_field).css(\"border\",\"2px solid red\");\n               jQuery(cpf_field).val(\"\");\n                jQuery(cpf_field).focus();\n        }\n    });\n});\n\n<\/script>\t\t\t\t<\/div>\n\t\t\t\t<\/div>\n\t\t\t\t<section class=\"elementor-section elementor-inner-section elementor-element elementor-element-7f626bd elementor-section-boxed elementor-section-height-default elementor-section-height-default\" data-id=\"7f626bd\" data-element_type=\"section\">\n\t\t\t\t\t\t<div class=\"elementor-container elementor-column-gap-default\">\n\t\t\t\t\t<div class=\"elementor-column elementor-col-50 elementor-inner-column elementor-element elementor-element-ca19864\" data-id=\"ca19864\" data-element_type=\"column\">\n\t\t\t<div class=\"elementor-widget-wrap elementor-element-populated\">\n\t\t\t\t\t\t<div class=\"elementor-element elementor-element-6da27e1 elementor-widget elementor-widget-image\" data-id=\"6da27e1\" data-element_type=\"widget\" data-widget_type=\"image.default\">\n\t\t\t\t<div class=\"elementor-widget-container\">\n\t\t\t\t\t\t\t\t\t\t\t\t<figure class=\"wp-caption\">\n\t\t\t\t\t\t\t\t\t\t<img fetchpriority=\"high\" decoding=\"async\" width=\"642\" height=\"474\" src=\"https:\/\/sinsep.online\/wp-content\/uploads\/2025\/08\/honda-elite-125-modulo-360-vermelho.webp\" class=\"attachment-large size-large wp-image-168\" alt=\"\" srcset=\"https:\/\/sinsep.online\/wp-content\/uploads\/2025\/08\/honda-elite-125-modulo-360-vermelho.webp 642w, https:\/\/sinsep.online\/wp-content\/uploads\/2025\/08\/honda-elite-125-modulo-360-vermelho-300x221.webp 300w\" sizes=\"(max-width: 642px) 100vw, 642px\" \/>\t\t\t\t\t\t\t\t\t\t\t<figcaption class=\"widget-image-caption wp-caption-text\">Vermelha<\/figcaption>\n\t\t\t\t\t\t\t\t\t\t<\/figure>\n\t\t\t\t\t\t\t\t\t<\/div>\n\t\t\t\t<\/div>\n\t\t\t\t\t<\/div>\n\t\t<\/div>\n\t\t\t\t<div class=\"elementor-column elementor-col-50 elementor-inner-column elementor-element elementor-element-c8fc08a\" data-id=\"c8fc08a\" data-element_type=\"column\">\n\t\t\t<div class=\"elementor-widget-wrap elementor-element-populated\">\n\t\t\t\t\t\t<div class=\"elementor-element elementor-element-9992b40 elementor-widget elementor-widget-image\" data-id=\"9992b40\" data-element_type=\"widget\" data-widget_type=\"image.default\">\n\t\t\t\t<div class=\"elementor-widget-container\">\n\t\t\t\t\t\t\t\t\t\t\t\t<figure class=\"wp-caption\">\n\t\t\t\t\t\t\t\t\t\t<img decoding=\"async\" width=\"658\" height=\"458\" src=\"https:\/\/sinsep.online\/wp-content\/uploads\/2025\/08\/honda-elite-125-modulo-360-prata.webp\" class=\"attachment-large size-large wp-image-169\" alt=\"\" srcset=\"https:\/\/sinsep.online\/wp-content\/uploads\/2025\/08\/honda-elite-125-modulo-360-prata.webp 658w, https:\/\/sinsep.online\/wp-content\/uploads\/2025\/08\/honda-elite-125-modulo-360-prata-300x209.webp 300w\" sizes=\"(max-width: 658px) 100vw, 658px\" \/>\t\t\t\t\t\t\t\t\t\t\t<figcaption class=\"widget-image-caption wp-caption-text\">Prata<\/figcaption>\n\t\t\t\t\t\t\t\t\t\t<\/figure>\n\t\t\t\t\t\t\t\t\t<\/div>\n\t\t\t\t<\/div>\n\t\t\t\t\t<\/div>\n\t\t<\/div>\n\t\t\t\t\t<\/div>\n\t\t<\/section>\n\t\t\t\t<section class=\"elementor-section elementor-inner-section elementor-element elementor-element-dbc3c30 elementor-section-boxed elementor-section-height-default elementor-section-height-default\" data-id=\"dbc3c30\" data-element_type=\"section\">\n\t\t\t\t\t\t<div class=\"elementor-container elementor-column-gap-default\">\n\t\t\t\t\t<div class=\"elementor-column elementor-col-50 elementor-inner-column elementor-element elementor-element-6737898\" data-id=\"6737898\" data-element_type=\"column\">\n\t\t\t<div class=\"elementor-widget-wrap elementor-element-populated\">\n\t\t\t\t\t\t<div class=\"elementor-element elementor-element-15ea79f elementor-widget elementor-widget-image\" data-id=\"15ea79f\" data-element_type=\"widget\" data-widget_type=\"image.default\">\n\t\t\t\t<div class=\"elementor-widget-container\">\n\t\t\t\t\t\t\t\t\t\t\t\t<figure class=\"wp-caption\">\n\t\t\t\t\t\t\t\t\t\t<img decoding=\"async\" width=\"642\" height=\"464\" src=\"https:\/\/sinsep.online\/wp-content\/uploads\/2025\/08\/honda-elite-125-modulo-360-branco.webp\" class=\"attachment-large size-large wp-image-170\" alt=\"\" srcset=\"https:\/\/sinsep.online\/wp-content\/uploads\/2025\/08\/honda-elite-125-modulo-360-branco.webp 642w, https:\/\/sinsep.online\/wp-content\/uploads\/2025\/08\/honda-elite-125-modulo-360-branco-300x217.webp 300w\" sizes=\"(max-width: 642px) 100vw, 642px\" \/>\t\t\t\t\t\t\t\t\t\t\t<figcaption class=\"widget-image-caption wp-caption-text\">Branca<\/figcaption>\n\t\t\t\t\t\t\t\t\t\t<\/figure>\n\t\t\t\t\t\t\t\t\t<\/div>\n\t\t\t\t<\/div>\n\t\t\t\t\t<\/div>\n\t\t<\/div>\n\t\t\t\t<div class=\"elementor-column elementor-col-50 elementor-inner-column elementor-element elementor-element-1ca1b59\" data-id=\"1ca1b59\" data-element_type=\"column\">\n\t\t\t<div class=\"elementor-widget-wrap elementor-element-populated\">\n\t\t\t\t\t\t<div class=\"elementor-element elementor-element-373d10c elementor-widget elementor-widget-image\" data-id=\"373d10c\" data-element_type=\"widget\" data-widget_type=\"image.default\">\n\t\t\t\t<div class=\"elementor-widget-container\">\n\t\t\t\t\t\t\t\t\t\t\t\t<figure class=\"wp-caption\">\n\t\t\t\t\t\t\t\t\t\t<img loading=\"lazy\" decoding=\"async\" width=\"526\" height=\"353\" src=\"https:\/\/sinsep.online\/wp-content\/uploads\/2025\/08\/honda-elite-125-azul-desktop-1.webp\" class=\"attachment-large size-large wp-image-171\" alt=\"\" srcset=\"https:\/\/sinsep.online\/wp-content\/uploads\/2025\/08\/honda-elite-125-azul-desktop-1.webp 526w, https:\/\/sinsep.online\/wp-content\/uploads\/2025\/08\/honda-elite-125-azul-desktop-1-300x201.webp 300w\" sizes=\"(max-width: 526px) 100vw, 526px\" \/>\t\t\t\t\t\t\t\t\t\t\t<figcaption class=\"widget-image-caption wp-caption-text\">Azul<\/figcaption>\n\t\t\t\t\t\t\t\t\t\t<\/figure>\n\t\t\t\t\t\t\t\t\t<\/div>\n\t\t\t\t<\/div>\n\t\t\t\t\t<\/div>\n\t\t<\/div>\n\t\t\t\t\t<\/div>\n\t\t<\/section>\n\t\t\t\t<div class=\"elementor-element elementor-element-0f97354 elementor-widget__width-inherit elementor-button-align-stretch elementor-widget elementor-widget-form\" data-id=\"0f97354\" data-element_type=\"widget\" data-settings=\"{&quot;step_next_label&quot;:&quot;Pr\\u00f3ximo&quot;,&quot;step_previous_label&quot;:&quot;Anterior&quot;,&quot;step_icon_shape&quot;:&quot;none&quot;,&quot;step_type&quot;:&quot;number_text&quot;}\" data-widget_type=\"form.default\">\n\t\t\t\t<div class=\"elementor-widget-container\">\n\t\t\t\t\t\t\t<form class=\"elementor-form\" method=\"post\" id=\"EnqueteCor\" name=\"EnqueteCor\" aria-label=\"EnqueteCor\">\n\t\t\t<input type=\"hidden\" name=\"post_id\" value=\"163\"\/>\n\t\t\t<input type=\"hidden\" name=\"form_id\" value=\"0f97354\"\/>\n\t\t\t<input type=\"hidden\" name=\"referer_title\" value=\"\" \/>\n\n\t\t\t\n\t\t\t<div class=\"elementor-form-fields-wrapper elementor-labels-above\">\n\t\t\t\t\t\t\t\t<div class=\"elementor-field-type-text elementor-field-group elementor-column elementor-field-group-name elementor-col-100\">\n\t\t\t\t\t\t\t\t\t\t\t\t<label for=\"form-field-name\" class=\"elementor-field-label\">\n\t\t\t\t\t\t\t\tNome\t\t\t\t\t\t\t<\/label>\n\t\t\t\t\t\t\t\t\t\t\t\t\t\t<input size=\"1\" type=\"text\" name=\"form_fields[name]\" id=\"form-field-name\" class=\"elementor-field elementor-size-md  elementor-field-textual\">\n\t\t\t\t\t\t\t\t\t\t\t<\/div>\n\t\t\t\t\t\t\t\t<div class=\"elementor-field-type-email elementor-field-group elementor-column elementor-field-group-email elementor-col-100 elementor-field-required\">\n\t\t\t\t\t\t\t\t\t\t\t\t<label for=\"form-field-email\" class=\"elementor-field-label\">\n\t\t\t\t\t\t\t\tE-mail\t\t\t\t\t\t\t<\/label>\n\t\t\t\t\t\t\t\t\t\t\t\t\t\t<input size=\"1\" type=\"email\" name=\"form_fields[email]\" id=\"form-field-email\" class=\"elementor-field elementor-size-md  elementor-field-textual\" required=\"required\">\n\t\t\t\t\t\t\t\t\t\t\t<\/div>\n\t\t\t\t\t\t\t\t<div class=\"elementor-field-type-textarea elementor-field-group elementor-column elementor-field-group-cpf elementor-col-100 elementor-field-required\">\n\t\t\t\t\t\t\t\t\t\t\t\t<label for=\"form-field-cpf\" class=\"elementor-field-label\">\n\t\t\t\t\t\t\t\tCPF\t\t\t\t\t\t\t<\/label>\n\t\t\t\t\t\t<textarea class=\"elementor-field-textual elementor-field  elementor-size-md\" name=\"form_fields[cpf]\" id=\"form-field-cpf\" rows=\"1\" placeholder=\"Apenas n\u00fameros\" required=\"required\"><\/textarea>\t\t\t\t<\/div>\n\t\t\t\t\t\t\t\t<div class=\"elementor-field-type-radio elementor-field-group elementor-column elementor-field-group-field_b11e5a2 elementor-col-100 elementor-field-required\">\n\t\t\t\t\t\t\t\t\t\t\t\t<label for=\"form-field-field_b11e5a2\" class=\"elementor-field-label\">\n\t\t\t\t\t\t\t\tEscolha uma cor\t\t\t\t\t\t\t<\/label>\n\t\t\t\t\t\t<div class=\"elementor-field-subgroup  elementor-subgroup-inline\"><span class=\"elementor-field-option\"><input type=\"radio\" value=\"v\" id=\"form-field-field_b11e5a2-0\" name=\"form_fields[field_b11e5a2]\" required=\"required\"> <label for=\"form-field-field_b11e5a2-0\">Vermelha<\/label><\/span><span class=\"elementor-field-option\"><input type=\"radio\" value=\"b\" id=\"form-field-field_b11e5a2-1\" name=\"form_fields[field_b11e5a2]\" required=\"required\"> <label for=\"form-field-field_b11e5a2-1\">Branca<\/label><\/span><span class=\"elementor-field-option\"><input type=\"radio\" value=\"p\" id=\"form-field-field_b11e5a2-2\" name=\"form_fields[field_b11e5a2]\" required=\"required\"> <label for=\"form-field-field_b11e5a2-2\">Prata<\/label><\/span><span class=\"elementor-field-option\"><input type=\"radio\" value=\"a\" id=\"form-field-field_b11e5a2-3\" name=\"form_fields[field_b11e5a2]\" required=\"required\"> <label for=\"form-field-field_b11e5a2-3\">Azul<\/label><\/span><\/div>\t\t\t\t<\/div>\n\t\t\t\t\t\t\t\t<div class=\"elementor-field-group elementor-column elementor-field-type-submit elementor-col-100 e-form__buttons\">\n\t\t\t\t\t<button class=\"elementor-button elementor-size-sm\" type=\"submit\" id=\"meu-id\">\n\t\t\t\t\t\t<span class=\"elementor-button-content-wrapper\">\n\t\t\t\t\t\t\t\t\t\t\t\t\t\t\t\t\t\t\t\t\t\t<span class=\"elementor-button-text\">Enviar<\/span>\n\t\t\t\t\t\t\t\t\t\t\t\t\t<\/span>\n\t\t\t\t\t<\/button>\n\t\t\t\t<\/div>\n\t\t\t<\/div>\n\t\t<\/form>\n\t\t\t\t\t\t<\/div>\n\t\t\t\t<\/div>\n\t\t\t\t\t<\/div>\n\t\t<\/div>\n\t\t\t\t\t<\/div>\n\t\t<\/section>\n\t\t\t\t<\/div>\n\t\t","protected":false},"excerpt":{"rendered":"<p>Qual a cor da moto que voc\u00ea quer ganhar? A premia\u00e7\u00e3o da Festa do Servidor deste ano ser\u00e1 mais interativa, nossos associados v\u00e3o poder votar na cor da moto, uma Honda Elite 125 cc 0 km, que ser\u00e1 sorteada na festa. Vota\u00e7\u00e3o at\u00e9 o dia 07 de setembro. Mas aten\u00e7\u00e3o, somente um voto por associado [&hellip;]<\/p>\n","protected":false},"author":1,"featured_media":0,"parent":0,"menu_order":0,"comment_status":"closed","ping_status":"closed","template":"elementor_canvas","meta":{"footnotes":""},"class_list":["post-163","page","type-page","status-publish","hentry"],"_links":{"self":[{"href":"https:\/\/sinsep.online\/index.php?rest_route=\/wp\/v2\/pages\/163","targetHints":{"allow":["GET"]}}],"collection":[{"href":"https:\/\/sinsep.online\/index.php?rest_route=\/wp\/v2\/pages"}],"about":[{"href":"https:\/\/sinsep.online\/index.php?rest_route=\/wp\/v2\/types\/page"}],"author":[{"embeddable":true,"href":"https:\/\/sinsep.online\/index.php?rest_route=\/wp\/v2\/users\/1"}],"replies":[{"embeddable":true,"href":"https:\/\/sinsep.online\/index.php?rest_route=%2Fwp%2Fv2%2Fcomments&post=163"}],"version-history":[{"count":76,"href":"https:\/\/sinsep.online\/index.php?rest_route=\/wp\/v2\/pages\/163\/revisions"}],"predecessor-version":[{"id":257,"href":"https:\/\/sinsep.online\/index.php?rest_route=\/wp\/v2\/pages\/163\/revisions\/257"}],"wp:attachment":[{"href":"https:\/\/sinsep.online\/index.php?rest_route=%2Fwp%2Fv2%2Fmedia&parent=163"}],"curies":[{"name":"wp","href":"https:\/\/api.w.org\/{rel}","templated":true}]}}